z**2 - 14*z - 7. Let d be s(-6). Suppose -180 = -7*i - d*i. Is -74*(i/6 - 3) a prime number?
True
Let r(w) = 46*w**2 + 30*w - 29. Let i = 317 + -327. Is r(i) a composite number?
False
Let g = 134166 + 3173. Is g composite?
False
Let b be (-6)/14 + 352/(-77). Let o(c) = -65*c**2 + 40*c - 29. Let p(m) = 43*m**2 - 27*m + 19. Let n(x) = b*o(x) - 7*p(x). Is n(5) composite?
False
Suppose 25*x = -14 - 11. Let s(f) = 6290*f**2 + 18*f + 17. Is s(x) a composite number?
True
Let s be (14/6 - 2) + 216898/33. Let j = s - 3964. Is j prime?
True
Let y(q) = -q**2 + 5*q - 6. Let x be 8*(-2)/(4*-2). Let i be y(x). Suppose -4*u = -4*g - 3180, -1584 = -2*u + 5*g - i*g. Is u a composite number?
False
Suppose 0 = -25*a + 29*a - 40. Let l = -3037 - -845. Is (l/20)/(1 - 14/a) a prime number?
False
Let t = 571552 + -80339. Is t a composite number?
False
Let z(k) = -8*k + 129. Let d be z(13). Let j(q) = 19*q + 82. Is j(d) prime?
True
Let m = -4203 + 15176. Is m a prime number?
True
Let n = -4068 - -6835. Is n prime?
True
Suppose -28*v = -73 + 129. Is (-3733849)/(-441) - v/9 a composite number?
False
Let f = -113 + 1508. Let b = 3882 + f. Is (3 - 3) + (-2)/((-6)/b) a composite number?
False
Suppose 0 = 11*n - 11*p + 14*p - 2536746, 0 = 4*p - 4. Is n a composite number?
True
Let a = 5331 + -1699. Suppose 3*h - 5*h = -3*d - 1816, 3*d = -4*h + a. Let s = -594 + h. Is s a prime number?
False
Let i(k) = 26*k + 9. Let r be i(2). Suppose -62*v + 2371 = -r*v. Suppose -3150 = -4*m + 3*d, 2*d = -0*m - 3*m + v. Is m a prime number?
False
Let g = 136 - 136. Suppose g = 15*u - 59742 - 38313. Is u a composite number?
True
Let r(h) = 371*h**2 - 13*h - 55. Let a = -66 + 60. Is r(a) composite?
True
Suppose -5*b = 3*i - 0*i - 135, -49 = -b - 5*i. Suppose 3026 = -b*h + 25802. Is h a prime number?
False
Let w(p) = 3*p**3 - 2*p**2. Let g be w(1). Suppose -c + u = -27, 74 = 3*c - u + g. Suppose 2*n = m - 0*m - c, -m = 5*n - 9. Is m a prime number?
True
Let j = 676542 + -394089. Is j a composite number?
True
Let n(k) be the third derivative of 11*k**5/60 + k**4/24 + k**2. Suppose -8 = -2*w - 18*f + 14*f, -w + 1 = -f. Is n(w) composite?
True
Suppose 98 = -43*v + 45*v. Let g = 78 - v. Suppose g*j + 8812 = 33*j. Is j a prime number?
True
Suppose -4*a + 0*a + 39522 = 3*y, y + 29648 = 3*a. Let s = -5975 + a. Is s a prime number?
True
Let a be 3 + -3 + -438 + -1. Suppose 1955*h - 1950*h - 970 = 0. Let l = h - a. Is l a composite number?
True
Let t = -39235 - -83754. Is t composite?
False
Suppose -352*c + 364*c = 48. Suppose -q = 4*d - 7, -6*q - 7 = -d - q. Suppose -d*i + 7176 = 4*h + 2302, 2*h - 2434 = -c*i. Is h a composite number?
True
Let b be 9 + -1 + (-4)/(4/2). Suppose b*w - 19044 = -0*w. Is (3/(-6))/(9519/w + -3) composite?
True
Let j be (-666)/24 + 7 + (-2)/8. Let r = 26 + j. Suppose 3*f - 2*p = 4423, 4753 = -r*f - 5*p + 12158. Is f composite?
True
Suppose -15*a - 36336 = 12654. Let y = -1905 - a. Is y composite?
False
Let i(w) be the second derivative of 43*w**4/2 + 5*w**3/6 - w**2 - 14*w. Let r be i(-4). Suppose -3451 - 653 = -5*s - v, -v - r = -5*s. Is s a composite number?
False
Suppose -46*j + 592 = -50*j. Let a = -146 - j. Suppose -a*r = 17 - 255. Is r a composite number?
True
Let j = 51741 - -1038. Let n = -34702 + j. Is n prime?
True
Let t(g) = g**3 + 33*g**2 + 28*g**2 - 1 - 4*g - 60*g**2. Let w be t(2). Suppose w*p - 977 - 370 = 0. Is p prime?
True
Let l be 3/(36/232) + (-4)/(-6). Is ((-6155)/2)/1*(-8)/l composite?
False
Let w(q) = 29*q**3 + 13*q**2 - 18*q + 71. Is w(7) prime?
True
Let q(l) = -l**2 + 4*l - 2035. Let i be q(0). Let n = 5570 + i. Is (-10)/30*(2 - (n - 2)) a prime number?
False
Is (-38)/(-10) + (-54)/(-270) + 280737 prime?
False
Let s = -204 - -204. Suppose -3629 = -19*w - s*w. Is w composite?
False
Let m = -535869 - -753274. Is m composite?
True
Let s(y) = -y**3 - 10*y**2 - 15*y - 49. Let f be s(-9). Suppose 9495 = f*a + 2*m, 0 = 2*a - 2*m - 3016 - 796. Is a prime?
True
Suppose 0 = -17*v + 19*v + 2*s - 64232, -5 = 5*s. Is v a prime number?
True
Let j = 220494 + 32233. Is j a prime number?
True
Let d(z) = -z**3 - 4*z**2 + z + 3. Let k be (-1)/(-2) - (-7)/(56/(-36)). Let m be d(k). Is -158*m*2/4 a prime number?
True
Let i(q) = -7*q**3 - q**2 + q + 38. Let d = -306 + 297. Is i(d) composite?
False
Suppose -3*y + 11804 + 376 = 4*j, -5*y - 12148 = -4*j. Let d = j - -2101. Is d a prime number?
False
Let a = -132 - -135. Suppose -v + a*r - 156 = -482, -2*r - 999 = -3*v. Is v a prime number?
False
Suppose 3*g + 4*v - 14 = 2*g, -v = -3. Suppose -60*j = -10*j - 9429 + 879. Suppose -g*r + 7 + j = 0. Is r composite?
False
Suppose -2*n + 85010 = 2*p, -2*p - 3*n = -31611 - 53399. Suppose -16*h + p = -11*h. Is h prime?
True
Suppose 0 = 2*o + 5*f - 22378, -574*o + 570*o + 5*f + 44696 = 0. Is o prime?
False
Let c be 2/11 + 42/11. Suppose -2*j + c*m + 478 = 0, -5*j - m + 0*m = -1206. Suppose j = -9*d + 3796. Is d a composite number?
True
Let p(f) = 2104*f**2 + 8*f - 13. Let d(u) = 2*u**2 - 8*u + 10. Let q be d(2). Is p(q) a composite number?
False
Let r(g) be the first derivative of g**3/3 - 3*g**2 + 13*g + 28. Let f be r(5). Suppose -f*m + 363 - 67 = 0. Is m prime?
True
Let x = -327 + 770. Suppose -677*s + 678*s - x = 0. Is s a composite number?
False
Let w(b) = 0*b**2 + 4*b**3 + 6*b - b**2 - 1 - 4*b. Let z be w(5). Suppose -q = l - 482, -l + 0*l = 3*q - z. Is l a composite number?
True
Let x(q) = -2563*q + 17. Let l be x(-2). Let h = -3600 + l. Is h prime?
True
Suppose 5*a - 3152 = -2*d, 2*d + 6348 = 6*d - a. Let k = 1045 + d. Let x = 4780 - k. Is x a composite number?
True
Let s(u) = -280*u**2 - 25*u + 136. Let z be s(5). Let n = z + 15724. Is n composite?
True
Let x be 0 - -1 - (-2 - 4/2). Let q be 9/12*1740/x. Let k = q - -38. Is k a composite number?
True
Suppose 4*y - u = -20121, 12577 = -3*y + 5*u - 2501. Let j = y - -9426. Suppose 3*o - t = j - 1532, 5*o + 2*t - 4757 = 0. Is o a composite number?
False
Suppose b + 2*f - 8 = 3*f, 2*b - 3*f = 21. Let q(s) be the second derivative of 51*s**4/2 - s**3 - s**2/2 - 645*s. Is q(b) a composite number?
True
Let m = 107 + -105. Suppose -2*d + 76 = 4*h - 34, m*h + 39 = d. Is d prime?
True
Is 21/(-154) - (-2851008215)/1210 a composite number?
True
Let w(q) = q**2 - q - 3. Let c be 30/(-25) + (-4)/5. Let g be w(c). Let s(k) = 64*k + 2. Is s(g) composite?
True
Let l(g) = 43527*g - 2423. Is l(10) a prime number?
True
Suppose o = -3*g + 3*o + 11, 0 = -4*g - 3*o + 26. Let n = -174 - -455. Suppose n = -g*i + 876. Is i a prime number?
False
Suppose 0 = -2*o + 7*o - 1760. Suppose 2*g = 6 + o. Let f = 306 - g. Is f a composite number?
False
Let k(p) = -24*p - 8 - 12*p + 67 + 4*p - p. Let y = -19 - -5. Is k(y) composite?
False
Let q = 7704 - 4622. Suppose 1169 + 1300 = 4*a - c, 5*a = -3*c + q. Suppose -4*x = -2*z + z - a, -3*x + z + 462 = 0. Is x a prime number?
False
Let m(s) = s**2 - 6*s - 7. Let h be m(7). Suppose 3*a - 8*a = h. Suppose 4*q - 9*q + 1765 = a. Is q a prime number?
True
Let a(d) = -185*d**2 - 36*d - 293. Let y(z) = 61*z**2 + 12*z + 98. Let s(q) = -4*a(q) - 11*y(q). Is s(-13) composite?
True
Is (-176)/(-12)*163338/56 prime?
False
Is 1/(((-6)/(-8) - 1) + 9062355/36248028) a prime number?
True
Let z be (348/10)/((-49)/(-700))*14. Let i = z + -4709. Is i prime?
True
Suppose 34*y - 62*y = -20025348. Is y prime?
False
Let m(x) = x**3 + 4*x**2 + 10*x + 2. Let l be m(-5). Suppose 4*p = 1249 + 223. Let n = l + p. Is n a prime number?
False
Suppose -18*a = 46*a - 42759104. Is a a prime number?
True
Suppose -7 = 4*n + d, -2*d = 9*n - 8*n. Let h(c) = -4*c. Let b be h(1). Is b + 23 - (n + -2) prime?
True
Let n(v) = -1748*v + 4315. Is n(-51) composite?
False
Suppose 87*g = 92*g - 20. Suppose i - 2 = 0, g*x + 3*i - 6512 = 1074. Is x a composite number?
True
Is 374/2618 - (-770012)/14 composite?
False
Let l be -9*(0 + 190/(-15)). Let x(a) = -92 + l - 61 + 65*a. Is x(14) prime?
False
Suppose -y + 4783 = -2*d - 1379, y = -5*d + 6148. Suppose -247*g + y = -245*g. Is g prime?
True
Suppose -28 = 2*i - 312. Let v(a) = 58*a - 9 + i*a + 0*a. Is v(5) prime?
True
Let a(t) = -78*t - 31. Let u(z) = 157*z + 61. Let p(b) = -13*a(b) - 6*u(b). Let h = -126 - -137. Is p(h) a composite number?
False
Suppose -109 = -12*z - 73. Suppose 31544 - 1732 = 2*k + 2*y, -